{"id":36,"date":"2022-12-11T22:50:56","date_gmt":"2022-12-11T21:50:56","guid":{"rendered":"http:\/\/fratresinvitam.fr\/?page_id=36"},"modified":"2022-12-24T11:52:16","modified_gmt":"2022-12-24T10:52:16","slug":"accueil","status":"publish","type":"page","link":"https:\/\/fratresinvitam.fr\/","title":{"rendered":"Bienvenue !"},"content":{"rendered":"\n<p><strong>Bienvenue sur le nouveau site internet de l&#8217;association Fratres In Vitam.<\/strong><\/p>\n\n\n\n<p><\/p>\n\n\n\n<p>Vous y trouverez de nombreux \u00e9l\u00e9ments vous permettant de d\u00e9couvrir notre association, nos r\u00e9alisations, notre d\u00e9marche.<\/p>\n\n\n<div class=\"wp-block-image\">\n<figure class=\"aligncenter size-large\"><img loading=\"lazy\" decoding=\"async\" width=\"1024\" height=\"362\" src=\"http:\/\/fratresinvitam.fr\/wp-content\/uploads\/2022\/12\/thumbnail_image-1-1-1024x362.jpg\" alt=\"\" class=\"wp-image-277\" srcset=\"https:\/\/fratresinvitam.fr\/wp-content\/uploads\/2022\/12\/thumbnail_image-1-1-1024x362.jpg 1024w, https:\/\/fratresinvitam.fr\/wp-content\/uploads\/2022\/12\/thumbnail_image-1-1-300x106.jpg 300w, https:\/\/fratresinvitam.fr\/wp-content\/uploads\/2022\/12\/thumbnail_image-1-1-768x271.jpg 768w, https:\/\/fratresinvitam.fr\/wp-content\/uploads\/2022\/12\/thumbnail_image-1-1-170x60.jpg 170w, https:\/\/fratresinvitam.fr\/wp-content\/uploads\/2022\/12\/thumbnail_image-1-1.jpg 1280w\" sizes=\"auto, (max-width: 1024px) 100vw, 1024px\" \/><\/figure>\n<\/div>\n\n\n<p><\/p>\n\n\n\n<figure class=\"wp-block-pullquote\"><blockquote><p>Que vous soyez passionn\u00e9(e) d&#8217;histoire, organisateur(trice) d&#8217;\u00e9v\u00e9nement ou simple curieux(se), nous serons ravis de r\u00e9pondre \u00e0 vos sollicitations. N&#8217;h\u00e9sitez pas \u00e0 nous contacter en vous rendant sur la page contact.<br><br>Mais dans un premier temps, nous vous invitons \u00e0 nous d\u00e9couvrir<br>en visionnant la vid\u00e9o ci-dessous :<\/p><\/blockquote><\/figure>\n\n\n\n<figure class=\"wp-block-embed is-type-video is-provider-youtube wp-block-embed-youtube wp-embed-aspect-16-9 wp-has-aspect-ratio\"><div class=\"wp-block-embed__wrapper\">\n<iframe loading=\"lazy\" title=\"Fratres in Vitam\" width=\"840\" height=\"473\" src=\"https:\/\/www.youtube.com\/embed\/3V26SCRUF8s?feature=oembed\" frameborder=\"0\" allow=\"accelerometer; autoplay; clipboard-write; encrypted-media; gyroscope; picture-in-picture\" allowfullscreen><\/iframe>\n<\/div><\/figure>\n\n\n\n<p><\/p>\n","protected":false},"excerpt":{"rendered":"<p>Bienvenue sur le nouveau site internet de l&#8217;association Fratres In Vitam. Vous y trouverez de nombreux \u00e9l\u00e9ments vous permettant de d\u00e9couvrir notre association, nos r\u00e9alisations, &hellip; <\/p>\n","protected":false},"author":1,"featured_media":0,"parent":0,"menu_order":0,"comment_status":"closed","ping_status":"closed","template":"","meta":{"footnotes":""},"class_list":["post-36","page","type-page","status-publish","hentry"],"_links":{"self":[{"href":"https:\/\/fratresinvitam.fr\/index.php\/wp-json\/wp\/v2\/pages\/36","targetHints":{"allow":["GET"]}}],"collection":[{"href":"https:\/\/fratresinvitam.fr\/index.php\/wp-json\/wp\/v2\/pages"}],"about":[{"href":"https:\/\/fratresinvitam.fr\/index.php\/wp-json\/wp\/v2\/types\/page"}],"author":[{"embeddable":true,"href":"https:\/\/fratresinvitam.fr\/index.php\/wp-json\/wp\/v2\/users\/1"}],"replies":[{"embeddable":true,"href":"https:\/\/fratresinvitam.fr\/index.php\/wp-json\/wp\/v2\/comments?post=36"}],"version-history":[{"count":16,"href":"https:\/\/fratresinvitam.fr\/index.php\/wp-json\/wp\/v2\/pages\/36\/revisions"}],"predecessor-version":[{"id":279,"href":"https:\/\/fratresinvitam.fr\/index.php\/wp-json\/wp\/v2\/pages\/36\/revisions\/279"}],"wp:attachment":[{"href":"https:\/\/fratresinvitam.fr\/index.php\/wp-json\/wp\/v2\/media?parent=36"}],"curies":[{"name":"wp","href":"https:\/\/api.w.org\/{rel}","templated":true}]}}

<p><strong>Bienvenue sur le nouveau site internet de l&#8217;association Fratres In Vitam.</strong></p>



<p></p>



<p>Vous y trouverez de nombreux éléments vous permettant de découvrir notre association, nos réalisations, notre démarche.</p>


<div class="wp-block-image">
<figure class="aligncenter size-large"><img loading="lazy" decoding="async" width="1024" height="362" src="http://fratresinvitam.fr/wp-content/uploads/2022/12/thumbnail_image-1-1-1024x362.jpg" alt="" class="wp-image-277" srcset="https://fratresinvitam.fr/wp-content/uploads/2022/12/thumbnail_image-1-1-1024x362.jpg 1024w, https://fratresinvitam.fr/wp-content/uploads/2022/12/thumbnail_image-1-1-300x106.jpg 300w, https://fratresinvitam.fr/wp-content/uploads/2022/12/thumbnail_image-1-1-768x271.jpg 768w, https://fratresinvitam.fr/wp-content/uploads/2022/12/thumbnail_image-1-1-170x60.jpg 170w, https://fratresinvitam.fr/wp-content/uploads/2022/12/thumbnail_image-1-1.jpg 1280w" sizes="auto, (max-width: 1024px) 100vw, 1024px" /></figure>
</div>


<p></p>



<figure class="wp-block-pullquote"><blockquote><p>Que vous soyez passionné(e) d&#8217;histoire, organisateur(trice) d&#8217;événement ou simple curieux(se), nous serons ravis de répondre à vos sollicitations. N&#8217;hésitez pas à nous contacter en vous rendant sur la page contact.<br><br>Mais dans un premier temps, nous vous invitons à nous découvrir<br>en visionnant la vidéo ci-dessous :</p></blockquote></figure>



<figure class="wp-block-embed is-type-video is-provider-youtube wp-block-embed-youtube wp-embed-aspect-16-9 wp-has-aspect-ratio"><div class="wp-block-embed__wrapper">
<iframe loading="lazy" title="Fratres in Vitam" width="840" height="473" src="https://www.youtube.com/embed/3V26SCRUF8s?feature=oembed" frameborder="0" allow="accelerometer; autoplay; clipboard-write; encrypted-media; gyroscope; picture-in-picture" allowfullscreen></iframe>
</div></figure>



<p></p>

<p>Bienvenue sur le nouveau site internet de l&#8217;association Fratres In Vitam. Vous y trouverez de nombreux éléments vous permettant de découvrir notre association, nos réalisations, &hellip; </p>
