{"id":361,"date":"2022-12-27T21:21:27","date_gmt":"2022-12-27T20:21:27","guid":{"rendered":"http:\/\/fratresinvitam.fr\/?page_id=361"},"modified":"2022-12-28T01:10:33","modified_gmt":"2022-12-28T00:10:33","slug":"amis-remerciements","status":"publish","type":"page","link":"https:\/\/fratresinvitam.fr\/index.php\/amis-remerciements\/","title":{"rendered":"Amis &#038; Remerciements"},"content":{"rendered":"\n<blockquote class=\"wp-block-quote is-layout-flow wp-block-quote-is-layout-flow\">\n<p>Un grand merci aux associations que nous avons toujours plaisir \u00e0 retrouver dans une ambiance festive et amicale sur les campements, aux organisateurs nous donnant l&#8217;opportunit\u00e9 de faire un bond dans le temps au sein de lieux sublimes et charg\u00e9s d&#8217;histoire, ainsi qu&#8217;aux vid\u00e9astes et photographes, professionnels comme amateurs, qui nous font la joie de partager les vid\u00e9os et clich\u00e9s immortalisant ces moments privil\u00e9gi\u00e9s. <\/p>\n<\/blockquote>\n\n\n<div class=\"wp-block-image\">\n<figure class=\"aligncenter size-full\"><img loading=\"lazy\" decoding=\"async\" width=\"750\" height=\"518\" src=\"http:\/\/fratresinvitam.fr\/wp-content\/uploads\/2022\/12\/Groupe.png\" alt=\"\" class=\"wp-image-378\" srcset=\"https:\/\/fratresinvitam.fr\/wp-content\/uploads\/2022\/12\/Groupe.png 750w, https:\/\/fratresinvitam.fr\/wp-content\/uploads\/2022\/12\/Groupe-300x207.png 300w, https:\/\/fratresinvitam.fr\/wp-content\/uploads\/2022\/12\/Groupe-87x60.png 87w\" sizes=\"auto, (max-width: 750px) 100vw, 750px\" \/><\/figure>\n<\/div>\n\n\n<hr class=\"wp-block-separator has-alpha-channel-opacity\"\/>\n\n\n\n<blockquote class=\"wp-block-quote is-layout-flow wp-block-quote-is-layout-flow\">\n<p>Nos amis m\u00e9di\u00e9vistes<\/p>\n<\/blockquote>\n\n\n\n<div class=\"wp-block-media-text alignwide is-stacked-on-mobile\"><figure class=\"wp-block-media-text__media\"><img loading=\"lazy\" decoding=\"async\" width=\"1024\" height=\"416\" src=\"http:\/\/fratresinvitam.fr\/wp-content\/uploads\/2022\/12\/CA-3-1024x416.png\" alt=\"\" class=\"wp-image-391 size-full\" srcset=\"https:\/\/fratresinvitam.fr\/wp-content\/uploads\/2022\/12\/CA-3-1024x416.png 1024w, https:\/\/fratresinvitam.fr\/wp-content\/uploads\/2022\/12\/CA-3-300x122.png 300w, https:\/\/fratresinvitam.fr\/wp-content\/uploads\/2022\/12\/CA-3-768x312.png 768w, https:\/\/fratresinvitam.fr\/wp-content\/uploads\/2022\/12\/CA-3-148x60.png 148w, https:\/\/fratresinvitam.fr\/wp-content\/uploads\/2022\/12\/CA-3.png 1450w\" sizes=\"auto, (max-width: 1024px) 100vw, 1024px\" \/><\/figure><div class=\"wp-block-media-text__content\">\n<p><\/p>\n\n\n\n<blockquote class=\"wp-block-quote is-layout-flow wp-block-quote-is-layout-flow\">\n<p>Cit\u00e9 d&#8217;Antan<\/p>\n<\/blockquote>\n\n\n\n<p><a href=\"https:\/\/citedantan.jimdofree.com\/\">Accueil Cit\u00e9 d&#8217;Antan &#8211; Site de Cit\u00e9 d&#8217;Antan ! (jimdofree.com)<\/a><\/p>\n<\/div><\/div>\n\n\n\n<hr class=\"wp-block-separator has-alpha-channel-opacity\"\/>\n\n\n\n<div class=\"wp-block-media-text alignwide is-stacked-on-mobile\"><figure class=\"wp-block-media-text__media\"><img loading=\"lazy\" decoding=\"async\" width=\"1024\" height=\"430\" src=\"http:\/\/fratresinvitam.fr\/wp-content\/uploads\/2022\/12\/LFB-1-1024x430.png\" alt=\"\" class=\"wp-image-392 size-full\" srcset=\"https:\/\/fratresinvitam.fr\/wp-content\/uploads\/2022\/12\/LFB-1-1024x430.png 1024w, https:\/\/fratresinvitam.fr\/wp-content\/uploads\/2022\/12\/LFB-1-300x126.png 300w, https:\/\/fratresinvitam.fr\/wp-content\/uploads\/2022\/12\/LFB-1-768x322.png 768w, https:\/\/fratresinvitam.fr\/wp-content\/uploads\/2022\/12\/LFB-1-143x60.png 143w, https:\/\/fratresinvitam.fr\/wp-content\/uploads\/2022\/12\/LFB-1.png 1442w\" sizes=\"auto, (max-width: 1024px) 100vw, 1024px\" \/><\/figure><div class=\"wp-block-media-text__content\">\n<p><\/p>\n\n\n\n<blockquote class=\"wp-block-quote is-layout-flow wp-block-quote-is-layout-flow\">\n<p>La Flamme Baussanne<\/p>\n<\/blockquote>\n\n\n\n<p><a href=\"https:\/\/laflammebaussanne.forumactif.com\">https:\/\/laflammebaussanne.forumactif.com<\/a><\/p>\n<\/div><\/div>\n\n\n\n<hr class=\"wp-block-separator has-alpha-channel-opacity\"\/>\n\n\n\n<div class=\"wp-block-media-text alignwide is-stacked-on-mobile\"><figure class=\"wp-block-media-text__media\"><img loading=\"lazy\" decoding=\"async\" width=\"1024\" height=\"432\" src=\"http:\/\/fratresinvitam.fr\/wp-content\/uploads\/2022\/12\/LSO-1-1024x432.png\" alt=\"\" class=\"wp-image-374 size-full\" srcset=\"https:\/\/fratresinvitam.fr\/wp-content\/uploads\/2022\/12\/LSO-1-1024x432.png 1024w, https:\/\/fratresinvitam.fr\/wp-content\/uploads\/2022\/12\/LSO-1-300x126.png 300w, https:\/\/fratresinvitam.fr\/wp-content\/uploads\/2022\/12\/LSO-1-768x324.png 768w, https:\/\/fratresinvitam.fr\/wp-content\/uploads\/2022\/12\/LSO-1-142x60.png 142w, https:\/\/fratresinvitam.fr\/wp-content\/uploads\/2022\/12\/LSO-1.png 1452w\" sizes=\"auto, (max-width: 1024px) 100vw, 1024px\" \/><\/figure><div class=\"wp-block-media-text__content\">\n<p><\/p>\n\n\n\n<blockquote class=\"wp-block-quote is-layout-flow wp-block-quote-is-layout-flow\">\n<p>Les Seigneurs d&#8217;Orient<\/p>\n<\/blockquote>\n\n\n\n<p><a href=\"https:\/\/lesseigneursdorient.wixsite.com\/lesite\">L&#8217;Association | Les Seigneurs d&#8217;Orient (lesseigneursdorient.wixsite.com)<\/a><\/p>\n<\/div><\/div>\n\n\n\n<hr class=\"wp-block-separator has-alpha-channel-opacity\"\/>\n\n\n\n<div class=\"wp-block-media-text alignwide is-stacked-on-mobile\"><figure class=\"wp-block-media-text__media\"><img loading=\"lazy\" decoding=\"async\" width=\"1024\" height=\"432\" src=\"http:\/\/fratresinvitam.fr\/wp-content\/uploads\/2022\/12\/OTS-1024x432.png\" alt=\"\" class=\"wp-image-368 size-full\" srcset=\"https:\/\/fratresinvitam.fr\/wp-content\/uploads\/2022\/12\/OTS-1024x432.png 1024w, https:\/\/fratresinvitam.fr\/wp-content\/uploads\/2022\/12\/OTS-300x126.png 300w, https:\/\/fratresinvitam.fr\/wp-content\/uploads\/2022\/12\/OTS-768x324.png 768w, https:\/\/fratresinvitam.fr\/wp-content\/uploads\/2022\/12\/OTS-142x60.png 142w, https:\/\/fratresinvitam.fr\/wp-content\/uploads\/2022\/12\/OTS.png 1452w\" sizes=\"auto, (max-width: 1024px) 100vw, 1024px\" \/><\/figure><div class=\"wp-block-media-text__content\">\n<p><\/p>\n\n\n\n<blockquote class=\"wp-block-quote is-layout-flow wp-block-quote-is-layout-flow\">\n<p>Ordines Terra Sanctum<\/p>\n<\/blockquote>\n\n\n\n<p><a href=\"https:\/\/ordines-terra-sanctum.org\/\">https:\/\/ordines-terra-sanctum.org\/<\/a><\/p>\n<\/div><\/div>\n\n\n\n<hr class=\"wp-block-separator has-alpha-channel-opacity\"\/>\n\n\n\n<div class=\"wp-block-media-text alignwide is-stacked-on-mobile\"><figure class=\"wp-block-media-text__media\"><img loading=\"lazy\" decoding=\"async\" width=\"1024\" height=\"433\" src=\"http:\/\/fratresinvitam.fr\/wp-content\/uploads\/2022\/12\/TR-1024x433.png\" alt=\"\" class=\"wp-image-394 size-full\" srcset=\"https:\/\/fratresinvitam.fr\/wp-content\/uploads\/2022\/12\/TR-1024x433.png 1024w, https:\/\/fratresinvitam.fr\/wp-content\/uploads\/2022\/12\/TR-300x127.png 300w, https:\/\/fratresinvitam.fr\/wp-content\/uploads\/2022\/12\/TR-768x325.png 768w, https:\/\/fratresinvitam.fr\/wp-content\/uploads\/2022\/12\/TR-142x60.png 142w, https:\/\/fratresinvitam.fr\/wp-content\/uploads\/2022\/12\/TR.png 1452w\" sizes=\"auto, (max-width: 1024px) 100vw, 1024px\" \/><\/figure><div class=\"wp-block-media-text__content\">\n<p><\/p>\n\n\n\n<blockquote class=\"wp-block-quote is-layout-flow wp-block-quote-is-layout-flow\">\n<p>Terra Rubea<\/p>\n<\/blockquote>\n\n\n\n<p><a href=\"https:\/\/terra-rubea-luxembourg.jimdofree.com\/\">About us &#8211; terra-rubea-luxembourgs Webseite! (jimdofree.com)<\/a><\/p>\n<\/div><\/div>\n\n\n\n<hr class=\"wp-block-separator has-alpha-channel-opacity\"\/>\n\n\n\n<blockquote class=\"wp-block-quote is-layout-flow wp-block-quote-is-layout-flow\">\n<p>Lieux &amp; organisateurs<\/p>\n<\/blockquote>\n\n\n\n<div class=\"wp-block-media-text alignwide is-stacked-on-mobile\"><figure class=\"wp-block-media-text__media\"><img loading=\"lazy\" decoding=\"async\" width=\"1024\" height=\"428\" src=\"http:\/\/fratresinvitam.fr\/wp-content\/uploads\/2022\/12\/Fontaine-G-1024x428.png\" alt=\"\" class=\"wp-image-371 size-full\" srcset=\"https:\/\/fratresinvitam.fr\/wp-content\/uploads\/2022\/12\/Fontaine-G-1024x428.png 1024w, https:\/\/fratresinvitam.fr\/wp-content\/uploads\/2022\/12\/Fontaine-G-300x125.png 300w, https:\/\/fratresinvitam.fr\/wp-content\/uploads\/2022\/12\/Fontaine-G-768x321.png 768w, https:\/\/fratresinvitam.fr\/wp-content\/uploads\/2022\/12\/Fontaine-G-143x60.png 143w, https:\/\/fratresinvitam.fr\/wp-content\/uploads\/2022\/12\/Fontaine-G.png 1442w\" sizes=\"auto, (max-width: 1024px) 100vw, 1024px\" \/><\/figure><div class=\"wp-block-media-text__content\">\n<p><\/p>\n\n\n\n<blockquote class=\"wp-block-quote is-layout-flow wp-block-quote-is-layout-flow\">\n<p>L&#8217;Abbaye de Fontaine-Gu\u00e9rard<\/p>\n<\/blockquote>\n\n\n\n<p><a href=\"http:\/\/www.abbayefontaineguerard.fr\/\">Abbaye de Fontaine-Gu\u00e9rard | Laissez-vous emporter par la magie des lieux&#8230; (abbayefontaineguerard.fr)<\/a><\/p>\n\n\n\n<p>&#8220;Immense merci pour la confiance et l&#8217;accueil maintes fois renouvel\u00e9s.&#8221;<\/p>\n<\/div><\/div>\n\n\n\n<hr class=\"wp-block-separator has-alpha-channel-opacity\"\/>\n\n\n\n<blockquote class=\"wp-block-quote is-layout-flow wp-block-quote-is-layout-flow\">\n<p>Agence M\u00e9dia &amp; photographes<\/p>\n<\/blockquote>\n\n\n\n<div class=\"wp-block-media-text alignwide is-stacked-on-mobile\"><figure class=\"wp-block-media-text__media\"><img loading=\"lazy\" decoding=\"async\" width=\"1024\" height=\"432\" src=\"http:\/\/fratresinvitam.fr\/wp-content\/uploads\/2022\/12\/LDE-1024x432.png\" alt=\"\" class=\"wp-image-370 size-full\" srcset=\"https:\/\/fratresinvitam.fr\/wp-content\/uploads\/2022\/12\/LDE-1024x432.png 1024w, https:\/\/fratresinvitam.fr\/wp-content\/uploads\/2022\/12\/LDE-300x127.png 300w, https:\/\/fratresinvitam.fr\/wp-content\/uploads\/2022\/12\/LDE-768x324.png 768w, https:\/\/fratresinvitam.fr\/wp-content\/uploads\/2022\/12\/LDE-142x60.png 142w, https:\/\/fratresinvitam.fr\/wp-content\/uploads\/2022\/12\/LDE.png 1449w\" sizes=\"auto, (max-width: 1024px) 100vw, 1024px\" \/><\/figure><div class=\"wp-block-media-text__content\">\n<p><\/p>\n\n\n\n<blockquote class=\"wp-block-quote is-layout-flow wp-block-quote-is-layout-flow\">\n<p>Let&#8217;s Dream Entertainment<\/p>\n<\/blockquote>\n\n\n\n<p><a href=\"https:\/\/www.lets-dream.com\/\">Vid\u00e9aste | Let&#8217;s Dream Entertaiment (lets-dream.com)<\/a><\/p>\n\n\n\n<p>&#8220;Bravo et merci pour la r\u00e9alisation de cette superbe vid\u00e9o !!!&#8221;<\/p>\n<\/div><\/div>\n","protected":false},"excerpt":{"rendered":"<p>Un grand merci aux associations que nous avons toujours plaisir \u00e0 retrouver dans une ambiance festive et amicale sur les campements, aux organisateurs nous donnant &hellip; <\/p>\n","protected":false},"author":1,"featured_media":0,"parent":0,"menu_order":0,"comment_status":"closed","ping_status":"closed","template":"","meta":{"footnotes":""},"class_list":["post-361","page","type-page","status-publish","hentry"],"_links":{"self":[{"href":"https:\/\/fratresinvitam.fr\/index.php\/wp-json\/wp\/v2\/pages\/361","targetHints":{"allow":["GET"]}}],"collection":[{"href":"https:\/\/fratresinvitam.fr\/index.php\/wp-json\/wp\/v2\/pages"}],"about":[{"href":"https:\/\/fratresinvitam.fr\/index.php\/wp-json\/wp\/v2\/types\/page"}],"author":[{"embeddable":true,"href":"https:\/\/fratresinvitam.fr\/index.php\/wp-json\/wp\/v2\/users\/1"}],"replies":[{"embeddable":true,"href":"https:\/\/fratresinvitam.fr\/index.php\/wp-json\/wp\/v2\/comments?post=361"}],"version-history":[{"count":17,"href":"https:\/\/fratresinvitam.fr\/index.php\/wp-json\/wp\/v2\/pages\/361\/revisions"}],"predecessor-version":[{"id":396,"href":"https:\/\/fratresinvitam.fr\/index.php\/wp-json\/wp\/v2\/pages\/361\/revisions\/396"}],"wp:attachment":[{"href":"https:\/\/fratresinvitam.fr\/index.php\/wp-json\/wp\/v2\/media?parent=361"}],"curies":[{"name":"wp","href":"https:\/\/api.w.org\/{rel}","templated":true}]}}

<blockquote class="wp-block-quote is-layout-flow wp-block-quote-is-layout-flow">
<p>Un grand merci aux associations que nous avons toujours plaisir à retrouver dans une ambiance festive et amicale sur les campements, aux organisateurs nous donnant l&#8217;opportunité de faire un bond dans le temps au sein de lieux sublimes et chargés d&#8217;histoire, ainsi qu&#8217;aux vidéastes et photographes, professionnels comme amateurs, qui nous font la joie de partager les vidéos et clichés immortalisant ces moments privilégiés. </p>
</blockquote>


<div class="wp-block-image">
<figure class="aligncenter size-full"><img loading="lazy" decoding="async" width="750" height="518" src="http://fratresinvitam.fr/wp-content/uploads/2022/12/Groupe.png" alt="" class="wp-image-378" srcset="https://fratresinvitam.fr/wp-content/uploads/2022/12/Groupe.png 750w, https://fratresinvitam.fr/wp-content/uploads/2022/12/Groupe-300x207.png 300w, https://fratresinvitam.fr/wp-content/uploads/2022/12/Groupe-87x60.png 87w" sizes="auto, (max-width: 750px) 100vw, 750px" /></figure>
</div>


<hr class="wp-block-separator has-alpha-channel-opacity"/>



<blockquote class="wp-block-quote is-layout-flow wp-block-quote-is-layout-flow">
<p>Nos amis médiévistes</p>
</blockquote>



<div class="wp-block-media-text alignwide is-stacked-on-mobile"><figure class="wp-block-media-text__media"><img loading="lazy" decoding="async" width="1024" height="416" src="http://fratresinvitam.fr/wp-content/uploads/2022/12/CA-3-1024x416.png" alt="" class="wp-image-391 size-full" srcset="https://fratresinvitam.fr/wp-content/uploads/2022/12/CA-3-1024x416.png 1024w, https://fratresinvitam.fr/wp-content/uploads/2022/12/CA-3-300x122.png 300w, https://fratresinvitam.fr/wp-content/uploads/2022/12/CA-3-768x312.png 768w, https://fratresinvitam.fr/wp-content/uploads/2022/12/CA-3-148x60.png 148w, https://fratresinvitam.fr/wp-content/uploads/2022/12/CA-3.png 1450w" sizes="auto, (max-width: 1024px) 100vw, 1024px" /></figure><div class="wp-block-media-text__content">
<p></p>



<blockquote class="wp-block-quote is-layout-flow wp-block-quote-is-layout-flow">
<p>Cité d&#8217;Antan</p>
</blockquote>



<p><a href="https://citedantan.jimdofree.com/">Accueil Cité d&#8217;Antan &#8211; Site de Cité d&#8217;Antan ! (jimdofree.com)</a></p>
</div></div>



<hr class="wp-block-separator has-alpha-channel-opacity"/>



<div class="wp-block-media-text alignwide is-stacked-on-mobile"><figure class="wp-block-media-text__media"><img loading="lazy" decoding="async" width="1024" height="430" src="http://fratresinvitam.fr/wp-content/uploads/2022/12/LFB-1-1024x430.png" alt="" class="wp-image-392 size-full" srcset="https://fratresinvitam.fr/wp-content/uploads/2022/12/LFB-1-1024x430.png 1024w, https://fratresinvitam.fr/wp-content/uploads/2022/12/LFB-1-300x126.png 300w, https://fratresinvitam.fr/wp-content/uploads/2022/12/LFB-1-768x322.png 768w, https://fratresinvitam.fr/wp-content/uploads/2022/12/LFB-1-143x60.png 143w, https://fratresinvitam.fr/wp-content/uploads/2022/12/LFB-1.png 1442w" sizes="auto, (max-width: 1024px) 100vw, 1024px" /></figure><div class="wp-block-media-text__content">
<p></p>



<blockquote class="wp-block-quote is-layout-flow wp-block-quote-is-layout-flow">
<p>La Flamme Baussanne</p>
</blockquote>



<p><a href="https://laflammebaussanne.forumactif.com">https://laflammebaussanne.forumactif.com</a></p>
</div></div>



<hr class="wp-block-separator has-alpha-channel-opacity"/>



<div class="wp-block-media-text alignwide is-stacked-on-mobile"><figure class="wp-block-media-text__media"><img loading="lazy" decoding="async" width="1024" height="432" src="http://fratresinvitam.fr/wp-content/uploads/2022/12/LSO-1-1024x432.png" alt="" class="wp-image-374 size-full" srcset="https://fratresinvitam.fr/wp-content/uploads/2022/12/LSO-1-1024x432.png 1024w, https://fratresinvitam.fr/wp-content/uploads/2022/12/LSO-1-300x126.png 300w, https://fratresinvitam.fr/wp-content/uploads/2022/12/LSO-1-768x324.png 768w, https://fratresinvitam.fr/wp-content/uploads/2022/12/LSO-1-142x60.png 142w, https://fratresinvitam.fr/wp-content/uploads/2022/12/LSO-1.png 1452w" sizes="auto, (max-width: 1024px) 100vw, 1024px" /></figure><div class="wp-block-media-text__content">
<p></p>



<blockquote class="wp-block-quote is-layout-flow wp-block-quote-is-layout-flow">
<p>Les Seigneurs d&#8217;Orient</p>
</blockquote>



<p><a href="https://lesseigneursdorient.wixsite.com/lesite">L&#8217;Association | Les Seigneurs d&#8217;Orient (lesseigneursdorient.wixsite.com)</a></p>
</div></div>



<hr class="wp-block-separator has-alpha-channel-opacity"/>



<div class="wp-block-media-text alignwide is-stacked-on-mobile"><figure class="wp-block-media-text__media"><img loading="lazy" decoding="async" width="1024" height="432" src="http://fratresinvitam.fr/wp-content/uploads/2022/12/OTS-1024x432.png" alt="" class="wp-image-368 size-full" srcset="https://fratresinvitam.fr/wp-content/uploads/2022/12/OTS-1024x432.png 1024w, https://fratresinvitam.fr/wp-content/uploads/2022/12/OTS-300x126.png 300w, https://fratresinvitam.fr/wp-content/uploads/2022/12/OTS-768x324.png 768w, https://fratresinvitam.fr/wp-content/uploads/2022/12/OTS-142x60.png 142w, https://fratresinvitam.fr/wp-content/uploads/2022/12/OTS.png 1452w" sizes="auto, (max-width: 1024px) 100vw, 1024px" /></figure><div class="wp-block-media-text__content">
<p></p>



<blockquote class="wp-block-quote is-layout-flow wp-block-quote-is-layout-flow">
<p>Ordines Terra Sanctum</p>
</blockquote>



<p><a href="https://ordines-terra-sanctum.org/">https://ordines-terra-sanctum.org/</a></p>
</div></div>



<hr class="wp-block-separator has-alpha-channel-opacity"/>



<div class="wp-block-media-text alignwide is-stacked-on-mobile"><figure class="wp-block-media-text__media"><img loading="lazy" decoding="async" width="1024" height="433" src="http://fratresinvitam.fr/wp-content/uploads/2022/12/TR-1024x433.png" alt="" class="wp-image-394 size-full" srcset="https://fratresinvitam.fr/wp-content/uploads/2022/12/TR-1024x433.png 1024w, https://fratresinvitam.fr/wp-content/uploads/2022/12/TR-300x127.png 300w, https://fratresinvitam.fr/wp-content/uploads/2022/12/TR-768x325.png 768w, https://fratresinvitam.fr/wp-content/uploads/2022/12/TR-142x60.png 142w, https://fratresinvitam.fr/wp-content/uploads/2022/12/TR.png 1452w" sizes="auto, (max-width: 1024px) 100vw, 1024px" /></figure><div class="wp-block-media-text__content">
<p></p>



<blockquote class="wp-block-quote is-layout-flow wp-block-quote-is-layout-flow">
<p>Terra Rubea</p>
</blockquote>



<p><a href="https://terra-rubea-luxembourg.jimdofree.com/">About us &#8211; terra-rubea-luxembourgs Webseite! (jimdofree.com)</a></p>
</div></div>



<hr class="wp-block-separator has-alpha-channel-opacity"/>



<blockquote class="wp-block-quote is-layout-flow wp-block-quote-is-layout-flow">
<p>Lieux &amp; organisateurs</p>
</blockquote>



<div class="wp-block-media-text alignwide is-stacked-on-mobile"><figure class="wp-block-media-text__media"><img loading="lazy" decoding="async" width="1024" height="428" src="http://fratresinvitam.fr/wp-content/uploads/2022/12/Fontaine-G-1024x428.png" alt="" class="wp-image-371 size-full" srcset="https://fratresinvitam.fr/wp-content/uploads/2022/12/Fontaine-G-1024x428.png 1024w, https://fratresinvitam.fr/wp-content/uploads/2022/12/Fontaine-G-300x125.png 300w, https://fratresinvitam.fr/wp-content/uploads/2022/12/Fontaine-G-768x321.png 768w, https://fratresinvitam.fr/wp-content/uploads/2022/12/Fontaine-G-143x60.png 143w, https://fratresinvitam.fr/wp-content/uploads/2022/12/Fontaine-G.png 1442w" sizes="auto, (max-width: 1024px) 100vw, 1024px" /></figure><div class="wp-block-media-text__content">
<p></p>



<blockquote class="wp-block-quote is-layout-flow wp-block-quote-is-layout-flow">
<p>L&#8217;Abbaye de Fontaine-Guérard</p>
</blockquote>



<p><a href="http://www.abbayefontaineguerard.fr/">Abbaye de Fontaine-Guérard | Laissez-vous emporter par la magie des lieux&#8230; (abbayefontaineguerard.fr)</a></p>



<p>&#8220;Immense merci pour la confiance et l&#8217;accueil maintes fois renouvelés.&#8221;</p>
</div></div>



<hr class="wp-block-separator has-alpha-channel-opacity"/>



<blockquote class="wp-block-quote is-layout-flow wp-block-quote-is-layout-flow">
<p>Agence Média &amp; photographes</p>
</blockquote>



<div class="wp-block-media-text alignwide is-stacked-on-mobile"><figure class="wp-block-media-text__media"><img loading="lazy" decoding="async" width="1024" height="432" src="http://fratresinvitam.fr/wp-content/uploads/2022/12/LDE-1024x432.png" alt="" class="wp-image-370 size-full" srcset="https://fratresinvitam.fr/wp-content/uploads/2022/12/LDE-1024x432.png 1024w, https://fratresinvitam.fr/wp-content/uploads/2022/12/LDE-300x127.png 300w, https://fratresinvitam.fr/wp-content/uploads/2022/12/LDE-768x324.png 768w, https://fratresinvitam.fr/wp-content/uploads/2022/12/LDE-142x60.png 142w, https://fratresinvitam.fr/wp-content/uploads/2022/12/LDE.png 1449w" sizes="auto, (max-width: 1024px) 100vw, 1024px" /></figure><div class="wp-block-media-text__content">
<p></p>



<blockquote class="wp-block-quote is-layout-flow wp-block-quote-is-layout-flow">
<p>Let&#8217;s Dream Entertainment</p>
</blockquote>



<p><a href="https://www.lets-dream.com/">Vidéaste | Let&#8217;s Dream Entertaiment (lets-dream.com)</a></p>



<p>&#8220;Bravo et merci pour la réalisation de cette superbe vidéo !!!&#8221;</p>
</div></div>

<p>Un grand merci aux associations que nous avons toujours plaisir à retrouver dans une ambiance festive et amicale sur les campements, aux organisateurs nous donnant &hellip; </p>
